{"id":2334,"date":"2025-07-28T00:14:30","date_gmt":"2025-07-27T22:14:30","guid":{"rendered":"https:\/\/preprod.accessprotec.com\/?page_id=2334"},"modified":"2025-07-28T00:16:11","modified_gmt":"2025-07-27T22:16:11","slug":"livraisons","status":"publish","type":"page","link":"https:\/\/preprod.accessprotec.com\/index.php\/livraisons\/","title":{"rendered":"Livraisons"},"content":{"rendered":"<section class=\"elementor-section elementor-top-section elementor-element elementor-element-4f82e13 elementor-section-boxed elementor-section-height-default elementor-section-height-default\" data-id=\"4f82e13\" data-element_type=\"section\">\n<div class=\"elementor-container elementor-column-gap-default\">\n<div class=\"elementor-column elementor-col-100 elementor-top-column elementor-element elementor-element-8ad55ed\" data-id=\"8ad55ed\" data-element_type=\"column\">\n<div class=\"elementor-widget-wrap elementor-element-populated\">\n<div class=\"elementor-element elementor-element-c156f80 elementor-widget elementor-widget-heading\" data-id=\"c156f80\" data-element_type=\"widget\" data-widget_type=\"heading.default\">\n<div class=\"elementor-widget-container\">\n<div id=\"content\" class=\"site-content\">\n<div class=\"container\">\n<div class=\"row\">\n<div id=\"primary\" class=\"content-area col-md-12\">\n<h2>Livraisons<\/h2>\n<article id=\"post-6878\" class=\"post-6878 page type-page status-publish hentry\">\n<div class=\"entry-content\">\n<div class=\"elementor elementor-6878\" data-elementor-type=\"wp-page\" data-elementor-id=\"6878\" data-elementor-post-type=\"page\">\n<section class=\"elementor-section elementor-top-section elementor-element elementor-element-01b3f79 elementor-section-boxed elementor-section-height-default elementor-section-height-default\" data-id=\"01b3f79\" data-element_type=\"section\">\n<div class=\"elementor-container elementor-column-gap-default\">\n<div class=\"elementor-column elementor-col-100 elementor-top-column elementor-element elementor-element-9b77641\" data-id=\"9b77641\" data-element_type=\"column\">\n<div class=\"elementor-widget-wrap elementor-element-populated\">\n<div class=\"elementor-element elementor-element-d771769 elementor-widget elementor-widget-heading\" data-id=\"d771769\" data-element_type=\"widget\" data-widget_type=\"heading.default\">\n<div class=\"elementor-widget-container\">\n<p class=\"elementor-heading-title elementor-size-default\"><span style=\"font-size: revert; color: initial; font-family: -apple-system, BlinkMacSystemFont, 'Segoe UI', Roboto, Oxygen-Sans, Ubuntu, Cantarell, 'Helvetica Neue', sans-serif;\">La vente de protection temporaire de chantier est tr\u00e8s sensible au transport au point que, dans certains cas, le transport peut s\u2019av\u00e9rer trop \u00e9lev\u00e9 par rapport \u00e0 la valeur de la marchandise.<\/span><\/p>\n<\/div>\n<\/div>\n<\/div>\n<\/div>\n<\/div>\n<\/section>\n<section class=\"elementor-section elementor-top-section elementor-element elementor-element-cbe43b2 elementor-section-boxed elementor-section-height-default elementor-section-height-default\" data-id=\"cbe43b2\" data-element_type=\"section\">\n<div class=\"elementor-container elementor-column-gap-default\">\n<div class=\"elementor-column elementor-col-50 elementor-top-column elementor-element elementor-element-3d7a794\" data-id=\"3d7a794\" data-element_type=\"column\">\n<div class=\"elementor-widget-wrap elementor-element-populated\">\n<div class=\"elementor-element elementor-element-abb55c8 elementor-widget elementor-widget-text-editor\" data-id=\"abb55c8\" data-element_type=\"widget\" data-widget_type=\"text-editor.default\">\n<div class=\"elementor-widget-container\">\n<p>En fonction du du volume, du poids et de l\u2019encombrement des produits, la livraison de vos protections de chantier \u00e0 domicile ou sur chantier pourra se faire sous plusieurs formes, \u00e9nonc\u00e9es ci-dessus.<\/p>\n<\/div>\n<\/div>\n<\/div>\n<\/div>\n<div class=\"elementor-column elementor-col-50 elementor-top-column elementor-element elementor-element-53fafd4\" data-id=\"53fafd4\" data-element_type=\"column\">\n<div class=\"elementor-widget-wrap elementor-element-populated\">\n<div class=\"elementor-element elementor-element-9313b3c elementor-widget elementor-widget-text-editor\" data-id=\"9313b3c\" data-element_type=\"widget\" data-widget_type=\"text-editor.default\">\n<div class=\"elementor-widget-container\">\n<div class=\"main-container col2-left-layout\">\n<div class=\"main\">\n<div class=\"col-main\">\n<div class=\"std\">\n<p>En th\u00e9orie, il est possible de livrer tous les produits que nous vendons dans toutes les destinations (en France m\u00e9tropolitaine, Corse, Belgique, Suisse uniquement), nous attirons toutefois votre attention sur le fait que, dans de rares cas, le co\u00fbt du transport peut d\u00e9passer plusieurs fois la valeur de la marchandise, en fonction de l\u2019encombrement, du poids ou du volume des produits de votre commande.<\/p>\n<\/div>\n<\/div>\n<\/div>\n<\/div>\n<\/div>\n<\/div>\n<\/div>\n<\/div>\n<\/div>\n<\/section>\n<section class=\"elementor-section elementor-top-section elementor-element elementor-element-46552af elementor-section-boxed elementor-section-height-default elementor-section-height-default\" data-id=\"46552af\" data-element_type=\"section\">\n<div class=\"elementor-container elementor-column-gap-default\">\n<div class=\"elementor-column elementor-col-100 elementor-top-column elementor-element elementor-element-e59a332\" data-id=\"e59a332\" data-element_type=\"column\">\n<div class=\"elementor-widget-wrap elementor-element-populated\">\n<div class=\"elementor-element elementor-element-a67b2c0 elementor-widget-divider--separator-type-pattern elementor-widget-divider--view-line elementor-widget elementor-widget-divider\" data-id=\"a67b2c0\" data-element_type=\"widget\" data-widget_type=\"divider.default\">\n<div class=\"elementor-widget-container\">\n<div class=\"elementor-divider\"><\/div>\n<\/div>\n<\/div>\n<\/div>\n<\/div>\n<\/div>\n<\/section>\n<section class=\"elementor-section elementor-top-section elementor-element elementor-element-fbf65f7 elementor-section-boxed elementor-section-height-default elementor-section-height-default\" data-id=\"fbf65f7\" data-element_type=\"section\">\n<div class=\"elementor-container elementor-column-gap-default\">\n<div class=\"elementor-column elementor-col-25 elementor-top-column elementor-element elementor-element-c822732\" data-id=\"c822732\" data-element_type=\"column\">\n<div class=\"elementor-widget-wrap elementor-element-populated\">\n<div class=\"elementor-element elementor-element-d9bd88d elementor-widget elementor-widget-heading\" data-id=\"d9bd88d\" data-element_type=\"widget\" data-widget_type=\"heading.default\">\n<div class=\"elementor-widget-container\">\n<h4 class=\"elementor-heading-title elementor-size-default\">1 &#8211; Chronopost<\/h4>\n<p>Les colis de moins de 25 kilos et d\u2019encombrement inf\u00e9rieur \u00e0 1 m\u00e8tres se feront par par Chronopost (carton taille S, M ou L)<\/p>\n<p>Si c\u2019est un petit colis, il sera directement d\u00e9pos\u00e9 dans votre boite aux lettres. S\u2019il est plus encombrant, le livreur Chronopost sonnera chez vous pour vous le remettre en mains propres, et en cas d\u2019absence, il vous adressera un avis de passage pour aller le chercher au point relais le plus proche.<\/p>\n<p>Attention, sans nouvelles de votre part sous 15 jours, le colis repartira automatiquement chez l\u2019exp\u00e9diteur.<\/p>\n<\/div>\n<\/div>\n<\/div>\n<\/div>\n<div class=\"elementor-column elementor-col-25 elementor-top-column elementor-element elementor-element-3d87d41\" data-id=\"3d87d41\" data-element_type=\"column\">\n<div class=\"elementor-widget-wrap elementor-element-populated\">\n<div class=\"elementor-element elementor-element-2756563 elementor-widget elementor-widget-heading\" data-id=\"2756563\" data-element_type=\"widget\" data-widget_type=\"heading.default\">\n<div class=\"elementor-widget-container\">\n<h4 class=\"elementor-heading-title elementor-size-default\">2 &#8211; Messagerie<\/h4>\n<p>Les colis encombrants ou tr\u00e8s lourds vous seront livr\u00e9s par messagerie, le transporteur livre \u00e0 votre domicile, et si vous \u00eates absent, il d\u00e9livrera dans votre boite aux lettres un avis de passage avec un num\u00e9ro de t\u00e9l\u00e9phone pour recontacter le transporteur afin de reprogrammer la\u00a0 livraison. Attention, sans retour de votre part \u00e0 l\u2019avis de passage, la marchandise repartira vers l\u2019exp\u00e9diteur.<\/p>\n<p>La messagerie est limit\u00e9e \u00e0 longueurs inf\u00e9rieures \u00e0 2 m\u00e8tres et \u00e0 des palettes de moins de 750 Kg. En messagerie, les marchandises sont d\u00e9pos\u00e9es en limite de propri\u00e9t\u00e9, au pied du camion charge \u00e0 vous de mettre les produits en s\u00e9curit\u00e9, tant au point de vue vol que d\u00e9gradations caus\u00e9es par les intemp\u00e9ries.<\/p>\n<\/div>\n<\/div>\n<\/div>\n<\/div>\n<div class=\"elementor-column elementor-col-25 elementor-top-column elementor-element elementor-element-944012c\" data-id=\"944012c\" data-element_type=\"column\">\n<div class=\"elementor-widget-wrap elementor-element-populated\">\n<div class=\"elementor-element elementor-element-24feefe elementor-widget elementor-widget-heading\" data-id=\"24feefe\" data-element_type=\"widget\" data-widget_type=\"heading.default\">\n<div class=\"elementor-widget-container\">\n<h4 class=\"elementor-heading-title elementor-size-default\">3 &#8211; Affr\u00e8tement<\/h4>\n<div class=\"livraison-text\">\n<p>Pour les colis tr\u00e8s encombrants, tr\u00e8s lourds, nous aurons recours \u00e0 un mode de transport dit \u00ab\u00a0d\u2019affr\u00e8tement\u00a0\u00bb, un transport par camion.<\/p>\n<p>Le lieu de d\u00e9chargement de la marchandise doit \u00eatre accessible aux camions semi-remorque. Votre pr\u00e9sence au d\u00e9chargement est indispensable pour\u00a0<strong>aider au d\u00e9chargement<\/strong>, dans ce cas \u00e9galement, vous serez pr\u00e9venus en amont par t\u00e9l\u00e9phone par le transporteur.<\/p>\n<\/div>\n<\/div>\n<\/div>\n<\/div>\n<\/div>\n<div class=\"elementor-column elementor-col-25 elementor-top-column elementor-element elementor-element-e4b7389\" data-id=\"e4b7389\" data-element_type=\"column\">\n<div class=\"elementor-widget-wrap elementor-element-populated\">\n<div class=\"elementor-element elementor-element-40339f3 elementor-widget elementor-widget-heading\" data-id=\"40339f3\" data-element_type=\"widget\" data-widget_type=\"heading.default\">\n<div class=\"elementor-widget-container\">\n<h4 class=\"elementor-heading-title elementor-size-default\">4 &#8211; Liv. Express<\/h4>\n<\/div>\n<\/div>\n<\/div>\n<\/div>\n<\/div>\n<\/section>\n<section class=\"elementor-section elementor-top-section elementor-element elementor-element-1eef254 elementor-section-boxed elementor-section-height-default elementor-section-height-default\" data-id=\"1eef254\" data-element_type=\"section\">\n<div class=\"elementor-container elementor-column-gap-default\">\n<div class=\"elementor-column elementor-col-100 elementor-top-column elementor-element elementor-element-4b698e2\" data-id=\"4b698e2\" data-element_type=\"column\">\n<div class=\"elementor-widget-wrap elementor-element-populated\">\n<div class=\"elementor-element elementor-element-e33b974 elementor-widget elementor-widget-spacer\" data-id=\"e33b974\" data-element_type=\"widget\" data-widget_type=\"spacer.default\">\n<div class=\"elementor-widget-container\">\n<div class=\"elementor-spacer\">\n<div class=\"elementor-spacer-inner\">\n<p>Pour tous vos besoins les plus urgents, AccessProtec vous propose la livraison express, pour n\u2019importe quel colis, peut importe l\u2019encombrement, le poids de la marchandise command\u00e9e. Ce mode de livraison aura forc\u00e9ment une incidence sur le prix, et il est\u00a0<strong>uniquement disponible par contact de l\u2019\u00e9quipe commerciale au pr\u00e9alable<\/strong>\u00a0: en effet, nous devons mettre en \u0153uvre tous nos efforts logistiques en amont.<\/p>\n<p>Contactez nous pour la livraison express<\/p>\n<\/div>\n<\/div>\n<\/div>\n<\/div>\n<\/div>\n<\/div>\n<\/div>\n<\/section>\n<\/div>\n<\/div>\n<\/article>\n<\/div>\n<\/div>\n<\/div>\n<\/div>\n<\/div>\n<\/div>\n<\/div>\n<\/div>\n<\/div>\n<\/section>\n","protected":false},"excerpt":{"rendered":"<p>Livraisons La vente de protection temporaire de chantier est tr\u00e8s sensible au transport au point que, dans certains cas, le transport peut s\u2019av\u00e9rer trop \u00e9lev\u00e9 par rapport \u00e0 la valeur&#8230;<\/p>\n","protected":false},"author":1,"featured_media":0,"parent":0,"menu_order":0,"comment_status":"closed","ping_status":"closed","template":"","meta":{"footnotes":""},"class_list":["post-2334","page","type-page","status-publish"],"_links":{"self":[{"href":"https:\/\/preprod.accessprotec.com\/index.php\/wp-json\/wp\/v2\/pages\/2334","targetHints":{"allow":["GET"]}}],"collection":[{"href":"https:\/\/preprod.accessprotec.com\/index.php\/wp-json\/wp\/v2\/pages"}],"about":[{"href":"https:\/\/preprod.accessprotec.com\/index.php\/wp-json\/wp\/v2\/types\/page"}],"author":[{"embeddable":true,"href":"https:\/\/preprod.accessprotec.com\/index.php\/wp-json\/wp\/v2\/users\/1"}],"replies":[{"embeddable":true,"href":"https:\/\/preprod.accessprotec.com\/index.php\/wp-json\/wp\/v2\/comments?post=2334"}],"version-history":[{"count":3,"href":"https:\/\/preprod.accessprotec.com\/index.php\/wp-json\/wp\/v2\/pages\/2334\/revisions"}],"predecessor-version":[{"id":2338,"href":"https:\/\/preprod.accessprotec.com\/index.php\/wp-json\/wp\/v2\/pages\/2334\/revisions\/2338"}],"wp:attachment":[{"href":"https:\/\/preprod.accessprotec.com\/index.php\/wp-json\/wp\/v2\/media?parent=2334"}],"curies":[{"name":"wp","href":"https:\/\/api.w.org\/{rel}","templated":true}]}}