{"id":1717,"date":"2025-03-25T21:07:32","date_gmt":"2025-03-25T20:07:32","guid":{"rendered":"http:\/\/preprod.accessprotec.com\/?post_type=product&#038;p=1717"},"modified":"2025-07-13T22:06:37","modified_gmt":"2025-07-13T20:06:37","slug":"adhesif-pvc-orange","status":"publish","type":"product","link":"https:\/\/preprod.accessprotec.com\/index.php\/produit\/adhesif-pvc-orange\/","title":{"rendered":"Adh\u00e9sif PVC Orange"},"content":{"rendered":"<p>L&rsquo;adh\u00e9sif PVC Orange pr\u00e9sente une bonne adh\u00e9rence, se d\u00e9coupe facilement et est \u00e9tanche.<\/p>\n<p>Il est couramment utilis\u00e9 lors des chantiers ou travaux tels que :<\/p>\n<ul>\n<li>L\u2019isolation : raccord pare-vapeur entre les l\u00e8s de laine de verre.<\/li>\n<li>L\u2019\u00e9lectricit\u00e9 et la voirie,\u00a0la peinture, et le nettoyage H.P. : protection de courte dur\u00e9e des menuiseries, fixation des protections temporaires de chantiers type Access Protec.<\/li>\n<li>Les travaux de d\u00e9samiantage ou en en milieu hostile : pour le montage de SAS ou cloisonnement anti-poussi\u00e8re, l&rsquo;\u00e9tanch\u00e9it\u00e9 des combinaisons jetables&#8230;<\/li>\n<li>L\u2019agriculture : pour tous types d\u2019usages, il est en effet pratique pour les petites r\u00e9parations d\u2019urgence.Tr\u00e8s r\u00e9sistant, \u00e9lastique et souple, il est aussi r\u00e9sistant aux U.V.<\/li>\n<\/ul>\n<p>Dimensions : 50 mm x 33 m.<\/p>\n<p>Coloris : Orange.<\/p>\n<p>D\u00e9couvrez \u00e9galement le reste de la\u00a0<strong><a href=\"http:\/\/accessprotec.fr\/protection-chantier\/adhesifs\/\" target=\"_blank\" rel=\"noopener noreferrer\">gamme adh\u00e9sifs.<\/a><\/strong><\/p>\n","protected":false},"excerpt":{"rendered":"<p>L&rsquo;adh\u00e9sif PVC Orange pr\u00e9sente une bonne adh\u00e9rence, se d\u00e9coupe facilement et est \u00e9tanche. Pour l&rsquo;usage g\u00e9n\u00e9ral dans le b\u00e2timent et les travaux publics, l&rsquo;isolation, la fixation, la jonction&#8230;<\/p>\n<p>Dimensions : 50 mm x 33 m.<\/p>\n<p>Retrouvez ici la\u00a0<strong><a href=\"https:\/\/www.accessprotec.fr\/fiches-produits\/FICHE-TECHNIQUE-ADHESIF-PVC-ORANGE.pdf\" target=\"_blank\" rel=\"noopener noreferrer\">fiche technique<\/a><\/strong><\/p>\n","protected":false},"featured_media":2242,"comment_status":"closed","ping_status":"closed","template":"","meta":[],"product_brand":[],"product_cat":[24],"product_tag":[],"class_list":{"0":"post-1717","1":"product","2":"type-product","3":"status-publish","4":"has-post-thumbnail","6":"product_cat-adhesifs-de-chantier","7":"product_shipping_class-chrono-relais","9":"first","10":"instock","11":"taxable","12":"shipping-taxable","13":"purchasable","14":"product-type-simple"},"df_price":3.26,"df_sale_price":"","df_regular_price":3.26,"df_image_link":"https:\/\/preprod.accessprotec.com\/wp-content\/uploads\/2025\/03\/Design-sans-titre-2025-07-11T153501.785-300x300.png","_links":{"self":[{"href":"https:\/\/preprod.accessprotec.com\/index.php\/wp-json\/wp\/v2\/product\/1717","targetHints":{"allow":["GET"]}}],"collection":[{"href":"https:\/\/preprod.accessprotec.com\/index.php\/wp-json\/wp\/v2\/product"}],"about":[{"href":"https:\/\/preprod.accessprotec.com\/index.php\/wp-json\/wp\/v2\/types\/product"}],"replies":[{"embeddable":true,"href":"https:\/\/preprod.accessprotec.com\/index.php\/wp-json\/wp\/v2\/comments?post=1717"}],"wp:featuredmedia":[{"embeddable":true,"href":"https:\/\/preprod.accessprotec.com\/index.php\/wp-json\/wp\/v2\/media\/2242"}],"wp:attachment":[{"href":"https:\/\/preprod.accessprotec.com\/index.php\/wp-json\/wp\/v2\/media?parent=1717"}],"wp:term":[{"taxonomy":"product_brand","embeddable":true,"href":"https:\/\/preprod.accessprotec.com\/index.php\/wp-json\/wp\/v2\/product_brand?post=1717"},{"taxonomy":"product_cat","embeddable":true,"href":"https:\/\/preprod.accessprotec.com\/index.php\/wp-json\/wp\/v2\/product_cat?post=1717"},{"taxonomy":"product_tag","embeddable":true,"href":"https:\/\/preprod.accessprotec.com\/index.php\/wp-json\/wp\/v2\/product_tag?post=1717"}],"curies":[{"name":"wp","href":"https:\/\/api.w.org\/{rel}","templated":true}]}}