{"id":1720,"date":"2025-03-25T21:07:32","date_gmt":"2025-03-25T20:07:32","guid":{"rendered":"http:\/\/preprod.accessprotec.com\/?post_type=product&#038;p=1720"},"modified":"2025-07-13T22:07:23","modified_gmt":"2025-07-13T20:07:23","slug":"adhesif-double-face-temporaire","status":"publish","type":"product","link":"https:\/\/preprod.accessprotec.com\/index.php\/produit\/adhesif-double-face-temporaire\/","title":{"rendered":"Adh\u00e9sif Double Face Temporaire"},"content":{"rendered":"<p>L&rsquo;adh\u00e9sif double face temporaire est id\u00e9al pour la fixation, le raccord et le laminage.<\/p>\n<p>Recommand\u00e9 pour les fixations temporaires de moquette n\u00e9cessitant une face en adh\u00e9sif permanent et l&rsquo;autre en enlevable sans r\u00e9sidus de masse adh\u00e9sive.<\/p>\n<p>Dimensions : 50 mm x 50 m.<\/p>\n<h2>Caract\u00e9ristiques techniques :<\/h2>\n<ul>\n<li>\u00c9paisseur du ruban : 150 microns<\/li>\n<li>Grammage protecteur : 105 g\/m2<\/li>\n<li>Nature protecteur : papier blanc couch\u00e9 PE<\/li>\n<li>Pouvoir adh\u00e9sif : Face ouverte : 3,7N\/25mm &#8211; Face proteg\u00e9e : 7,5N\/mm<\/li>\n<li>R\u00e9sistance \u00e0 l&rsquo;arrachement : 3kg\/cm<\/li>\n<li>Tack initial : 5 cm<\/li>\n<li>R\u00e9sistance en temp\u00e9rature : -10\u00b0C \u00e0 60\u00b0C<\/li>\n<li>Normes d&rsquo;essais PSTC.<\/li>\n<\/ul>\n<p>D\u00e9couvrez \u00e9galement notre\u00a0<a href=\"https:\/\/accessprotec.fr\/protection-chantier\/adhesifs\/\" target=\"_blank\" rel=\"noopener noreferrer\"><strong>gamme compl\u00e8te d\u2019adh\u00e9sifs.<\/strong><br \/>\n<\/a>Pour une pose plus rapide, utilisez notre <a href=\"https:\/\/accessprotec.fr\/protection-temporaire-de-chantier\/devidoir-adhesif-manuel\/\" target=\"_blank\" rel=\"noopener noreferrer\"><strong>d\u00e9vidoir manuel pour adh\u00e9sifs !<\/strong><\/a><\/p>\n","protected":false},"excerpt":{"rendered":"<p>L&rsquo;adh\u00e9sif double face temporaire est id\u00e9al pour la fixation, le raccord et le laminage. \u00c0 utiliser par exemple lors de la fixation de moquettes !<\/p>\n<p>Dimensions :\u00a050 mm x 50 m.<\/p>\n<p>Retrouvez ici la\u00a0<strong><a href=\"https:\/\/www.accessprotec.fr\/fiches-produits\/FICHE-TECHNIQUE-ADHESIF-DFT.pdf\" target=\"_blank\" rel=\"noopener noreferrer\">fiche technique<\/a><\/strong><\/p>\n","protected":false},"featured_media":0,"comment_status":"closed","ping_status":"closed","template":"","meta":[],"product_brand":[],"product_cat":[24],"product_tag":[],"class_list":{"0":"post-1720","1":"product","2":"type-product","3":"status-publish","5":"product_cat-adhesifs-de-chantier","6":"product_shipping_class-chrono-relais","8":"first","9":"instock","10":"taxable","11":"shipping-taxable","12":"purchasable","13":"product-type-simple"},"df_price":10.4,"df_sale_price":"","df_regular_price":10.4,"df_image_link":"https:\/\/preprod.accessprotec.com\/wp-content\/uploads\/woocommerce-placeholder-300x300.png","_links":{"self":[{"href":"https:\/\/preprod.accessprotec.com\/index.php\/wp-json\/wp\/v2\/product\/1720","targetHints":{"allow":["GET"]}}],"collection":[{"href":"https:\/\/preprod.accessprotec.com\/index.php\/wp-json\/wp\/v2\/product"}],"about":[{"href":"https:\/\/preprod.accessprotec.com\/index.php\/wp-json\/wp\/v2\/types\/product"}],"replies":[{"embeddable":true,"href":"https:\/\/preprod.accessprotec.com\/index.php\/wp-json\/wp\/v2\/comments?post=1720"}],"wp:attachment":[{"href":"https:\/\/preprod.accessprotec.com\/index.php\/wp-json\/wp\/v2\/media?parent=1720"}],"wp:term":[{"taxonomy":"product_brand","embeddable":true,"href":"https:\/\/preprod.accessprotec.com\/index.php\/wp-json\/wp\/v2\/product_brand?post=1720"},{"taxonomy":"product_cat","embeddable":true,"href":"https:\/\/preprod.accessprotec.com\/index.php\/wp-json\/wp\/v2\/product_cat?post=1720"},{"taxonomy":"product_tag","embeddable":true,"href":"https:\/\/preprod.accessprotec.com\/index.php\/wp-json\/wp\/v2\/product_tag?post=1720"}],"curies":[{"name":"wp","href":"https:\/\/api.w.org\/{rel}","templated":true}]}}