{"id":1725,"date":"2025-03-25T21:07:33","date_gmt":"2025-03-25T20:07:33","guid":{"rendered":"http:\/\/preprod.accessprotec.com\/?post_type=product&#038;p=1725"},"modified":"2025-07-11T13:10:26","modified_gmt":"2025-07-11T11:10:26","slug":"bache-soudure-de-protection-contre-les-etincelles-ignifuge-m0","status":"publish","type":"product","link":"https:\/\/preprod.accessprotec.com\/index.php\/produit\/bache-soudure-de-protection-contre-les-etincelles-ignifuge-m0\/","title":{"rendered":"B\u00e2che Soudure de Protection contre les \u00c9tincelles Ignifug\u00e9 M0"},"content":{"rendered":"<p><strong>La b\u00e2che soudure<\/strong> vous permet de prot\u00e9ger toutes les surfaces sur vos chantiers des \u00e9tincelles et autres \u00e9clats. Elle est <strong>hautement r\u00e9sistante<\/strong> (jusqu&rsquo;\u00e0 600\u00b0C) gr\u00e2ce \u00e0 son enduit PE et aluminium. Disponible en version avec \u0153illets et ourlet sur le pourtour pour la fixation. Certifi\u00e9e ignifug\u00e9e M0.<\/p>\n<p>Prot\u00e9gez votre mobilier et l&rsquo;environnement avoisinant votre poste de soudure ou de meulage. Les \u00e9tincelles \u00e9mises sont par cons\u00e9quent stopp\u00e9e par la b\u00e2che. Celle-ci est bien entendu r\u00e9utilisable gr\u00e2ce \u00e0 sa grande r\u00e9sistance.<\/p>\n<p>La s\u00e9curit\u00e9 de vos ouvriers sur chantier est une priorit\u00e9, c&rsquo;est pourquoi cette b\u00e2che limite consid\u00e9rablement le risque d&rsquo;accidents lors de vos <strong>travaux de soudure et de meulage.<\/strong><\/p>\n<p>Finitions : coupe brute ou ourlet &amp; \u0153illets<\/p>\n<p>Dimensions : 3 m x 3 m ou 1 m x 50 m.<\/p>\n<p><strong>R\u00e9siste jusqu&rsquo;\u00e0 600\u00b0C.<\/strong><\/p>\n<p>D\u00e9couvrez toute la gamme <strong><a href=\"http:\/\/accessprotec.fr\/protection-chantier\/baches-filets\/\" target=\"_blank\" rel=\"noopener noreferrer\">B\u00e2ches &amp; Filets <\/a>!<\/strong><\/p>\n","protected":false},"excerpt":{"rendered":"<p>Pour vos travaux de <strong>soudure<\/strong>, cette toile anti-flammes <strong>ignifug\u00e9e M0<\/strong> vous assure une s\u00e9curit\u00e9 absolue. Protection <strong>contre les \u00e9tincelles<\/strong> lors de la soudure et du meulage.<\/p>\n<p>Finitions : coupe brute ou ourlet &amp; \u0153illets<\/p>\n<p>Dimensions : 1x1m \/ 2x2m \/ 3x3m \/ 1x50m<\/p>\n<p><strong><em>Disponible en version 900\u00b0C et 1200\u00b0C et fabrication de taille sur-mesure : <a href=\"mailto:commercial@accessprotec.fr\">Nous contacter!<\/a><\/em><\/strong><\/p>\n<p>Retrouvez ici la\u00a0<strong><a href=\"https:\/\/www.accessprotec.fr\/fiches-produits\/FICHE-TECHNIQUE-B\u00c2CHE-SOUDURE.pdf\" target=\"_blank\" rel=\"noopener noreferrer\">fiche technique<\/a><\/strong><\/p>\n","protected":false},"featured_media":2215,"comment_status":"closed","ping_status":"closed","template":"","meta":[],"product_brand":[],"product_cat":[26,27],"product_tag":[],"class_list":{"0":"post-1725","1":"product","2":"type-product","3":"status-publish","4":"has-post-thumbnail","6":"product_cat-baches-filets-de-protection","7":"product_cat-baches-de-protection","9":"first","10":"instock","11":"taxable","12":"shipping-taxable","13":"purchasable","14":"product-type-variable"},"df_price":37.7,"df_sale_price":"","df_regular_price":37.7,"df_image_link":"https:\/\/preprod.accessprotec.com\/wp-content\/uploads\/2025\/03\/Design-sans-titre-83-300x300.png","_links":{"self":[{"href":"https:\/\/preprod.accessprotec.com\/index.php\/wp-json\/wp\/v2\/product\/1725","targetHints":{"allow":["GET"]}}],"collection":[{"href":"https:\/\/preprod.accessprotec.com\/index.php\/wp-json\/wp\/v2\/product"}],"about":[{"href":"https:\/\/preprod.accessprotec.com\/index.php\/wp-json\/wp\/v2\/types\/product"}],"replies":[{"embeddable":true,"href":"https:\/\/preprod.accessprotec.com\/index.php\/wp-json\/wp\/v2\/comments?post=1725"}],"wp:featuredmedia":[{"embeddable":true,"href":"https:\/\/preprod.accessprotec.com\/index.php\/wp-json\/wp\/v2\/media\/2215"}],"wp:attachment":[{"href":"https:\/\/preprod.accessprotec.com\/index.php\/wp-json\/wp\/v2\/media?parent=1725"}],"wp:term":[{"taxonomy":"product_brand","embeddable":true,"href":"https:\/\/preprod.accessprotec.com\/index.php\/wp-json\/wp\/v2\/product_brand?post=1725"},{"taxonomy":"product_cat","embeddable":true,"href":"https:\/\/preprod.accessprotec.com\/index.php\/wp-json\/wp\/v2\/product_cat?post=1725"},{"taxonomy":"product_tag","embeddable":true,"href":"https:\/\/preprod.accessprotec.com\/index.php\/wp-json\/wp\/v2\/product_tag?post=1725"}],"curies":[{"name":"wp","href":"https:\/\/api.w.org\/{rel}","templated":true}]}}