{"id":1730,"date":"2025-03-25T21:07:34","date_gmt":"2025-03-25T20:07:34","guid":{"rendered":"http:\/\/preprod.accessprotec.com\/?post_type=product&#038;p=1730"},"modified":"2025-07-11T12:42:49","modified_gmt":"2025-07-11T10:42:49","slug":"filet-occultant-pour-barrieres-et-clotures-de-chantier-180m-x-50m","status":"publish","type":"product","link":"https:\/\/preprod.accessprotec.com\/index.php\/produit\/filet-occultant-pour-barrieres-et-clotures-de-chantier-180m-x-50m\/","title":{"rendered":"Filet Occultant pour Barri\u00e8res et Cl\u00f4tures de Chantier 1,80m x 50m"},"content":{"rendered":"<p><strong>Le filet occultant<\/strong> vous assure une couverture de vos barri\u00e8res et cl\u00f4tures afin de<strong> restreindre l&rsquo;acc\u00e8s visuel<\/strong> \u00e0 l&rsquo;int\u00e9rieur de vos chantiers. Son format en rouleau de cinquante m\u00e8tres vous assure une <strong>pose facile et rapide<\/strong> sur votre ligne de cl\u00f4tures.<\/p>\n<p>Existe en deux coloris : <em>Noir et Vert.<\/em><\/p>\n<p>Mati\u00e8re : poly\u00e9thyl\u00e8ne cousu,<\/p>\n<p>Densit\u00e9 : 150 g\/m\u00b2,<\/p>\n<p>Facteur de r\u00e9duction du vente : +\/- 80%,<\/p>\n<p>Facteur d&rsquo;ombrage : +\/- 60%,<\/p>\n<p>\u0152illets en aluminium diam\u00e8tre 12 mm \u00e0 chaque coin,<\/p>\n<p>D\u00e9couvrez aussi le reste de nos produits pour ext\u00e9rieur (<strong><a href=\"https:\/\/accessprotec.fr\/protection-chantier\/baches-filets\/\" target=\"_blank\" rel=\"noopener noreferrer\">gamme b\u00e2che et filets<\/a><\/strong>).<\/p>\n","protected":false},"excerpt":{"rendered":"<p>Filet occultant <strong>pour cl\u00f4tures de chantier<\/strong>. R\u00e9duit la visibilit\u00e9 sur vos chantier et coupe du vent.<br \/>\n<strong>Facile \u00e0 installer gr\u00e2ce \u00e0 ses \u0153illets.<\/strong><\/p>\n","protected":false},"featured_media":1772,"comment_status":"closed","ping_status":"closed","template":"","meta":[],"product_brand":[],"product_cat":[26,29],"product_tag":[],"class_list":{"0":"post-1730","1":"product","2":"type-product","3":"status-publish","4":"has-post-thumbnail","6":"product_cat-baches-filets-de-protection","7":"product_cat-filets-de-protection","9":"first","10":"instock","11":"taxable","12":"shipping-taxable","13":"purchasable","14":"product-type-variable"},"df_price":225.2,"df_sale_price":"","df_regular_price":225.2,"df_image_link":"https:\/\/preprod.accessprotec.com\/wp-content\/uploads\/2025\/03\/filet-occultant-300x292.png","_links":{"self":[{"href":"https:\/\/preprod.accessprotec.com\/index.php\/wp-json\/wp\/v2\/product\/1730","targetHints":{"allow":["GET"]}}],"collection":[{"href":"https:\/\/preprod.accessprotec.com\/index.php\/wp-json\/wp\/v2\/product"}],"about":[{"href":"https:\/\/preprod.accessprotec.com\/index.php\/wp-json\/wp\/v2\/types\/product"}],"replies":[{"embeddable":true,"href":"https:\/\/preprod.accessprotec.com\/index.php\/wp-json\/wp\/v2\/comments?post=1730"}],"wp:featuredmedia":[{"embeddable":true,"href":"https:\/\/preprod.accessprotec.com\/index.php\/wp-json\/wp\/v2\/media\/1772"}],"wp:attachment":[{"href":"https:\/\/preprod.accessprotec.com\/index.php\/wp-json\/wp\/v2\/media?parent=1730"}],"wp:term":[{"taxonomy":"product_brand","embeddable":true,"href":"https:\/\/preprod.accessprotec.com\/index.php\/wp-json\/wp\/v2\/product_brand?post=1730"},{"taxonomy":"product_cat","embeddable":true,"href":"https:\/\/preprod.accessprotec.com\/index.php\/wp-json\/wp\/v2\/product_cat?post=1730"},{"taxonomy":"product_tag","embeddable":true,"href":"https:\/\/preprod.accessprotec.com\/index.php\/wp-json\/wp\/v2\/product_tag?post=1730"}],"curies":[{"name":"wp","href":"https:\/\/api.w.org\/{rel}","templated":true}]}}