{"id":1787,"date":"2025-03-25T21:08:00","date_gmt":"2025-03-25T20:08:00","guid":{"rendered":"http:\/\/preprod.accessprotec.com\/?post_type=product&#038;p=1787"},"modified":"2025-06-23T22:23:58","modified_gmt":"2025-06-23T20:23:58","slug":"barre-detancheite-pour-cloison-anti-poussiere-1m20","status":"publish","type":"product","link":"https:\/\/preprod.accessprotec.com\/index.php\/produit\/barre-detancheite-pour-cloison-anti-poussiere-1m20\/","title":{"rendered":"Barre d&rsquo;\u00c9tanch\u00e9it\u00e9 pour Cloison Anti-Poussi\u00e8re 1m20"},"content":{"rendered":"<p><strong>La barre d\u2019\u00e9tanch\u00e9it\u00e9<\/strong> se fixe sur le dessus des\u00a0<strong><a href=\"https:\/\/accessprotec.fr\/protection-temporaire-de-chantier\/support-telescopique\/\" target=\"_blank\" rel=\"noopener noreferrer\">supports t\u00e9lescopiques<\/a><\/strong>\u00a0afin de plaquer enti\u00e8rement le\u00a0<a href=\"https:\/\/accessprotec.fr\/protection-temporaire-de-chantier\/film-polyethylene-m1\/\" target=\"_blank\" rel=\"noopener noreferrer\"><strong>film poly\u00e9thyl\u00e8ne M1<\/strong><\/a>\u00a0de la\u00a0<a href=\"https:\/\/accessprotec.fr\/protection-chantier\/cloison-anti-poussiere\/\" target=\"_blank\" rel=\"noopener noreferrer\"><strong>cloison anti-poussi\u00e8re<\/strong><\/a>\u00a0contre le plafond. Vous assurez ainsi une<strong> \u00e9tanch\u00e9it\u00e9 optimale contre les poussi\u00e8res<\/strong> pouvant se d\u00e9placer lors de courants d\u2019air.<\/p>\n<p>La barre d&rsquo;\u00e9tanch\u00e9it\u00e9 se glisse dans le support t\u00e9lescopique et se serre gr\u00e2ce \u00e0 une vis int\u00e9gr\u00e9e au support. Ainsi, elle reste bien en place une fois install\u00e9e.<\/p>\n<p>Longueur : 1,20 m.<\/p>\n<p><a href=\"https:\/\/accessprotec.fr\/protection-chantier\/cloison-anti-poussiere\/\" target=\"_blank\" rel=\"noopener noreferrer\"><strong>La cloison anti-poussi\u00e8re<\/strong><\/a>\u00a0s\u00e9pare vos zones de travaux des zones de vie ou tout autre zone ne devant pas \u00eatre salie lors de vos chantiers.<\/p>\n<p>Nous recommandons l&rsquo;utilisation en compl\u00e9ment de la <strong><a href=\"https:\/\/accessprotec.fr\/protection-temporaire-de-chantier\/mousse-detancheite\/\" target=\"_blank\" rel=\"noopener noreferrer\">mousse d&rsquo;\u00e9tanch\u00e9it\u00e9<\/a><\/strong> murale.<\/p>\n","protected":false},"excerpt":{"rendered":"<p>La barre d&rsquo;\u00e9tanch\u00e9it\u00e9 permet de fixer le\u00a0<a href=\"https:\/\/accessprotec.fr\/produit\/film-polyethylene-m1\/\"><strong>film poly\u00e9thyl\u00e8ne M1<\/strong><\/a>\u00a0de la\u00a0<a href=\"https:\/\/accessprotec.fr\/categorie-produit\/cloison-anti-poussiere\/\"><strong>cloison anti-poussi\u00e8re\u00a0<\/strong><\/a>au plafond afin de vous assurer une \u00e9tanch\u00e9it\u00e9 maximale contre les poussi\u00e8res.<\/p>\n<p>Longueur : 1,20 m.<\/p>\n<p>Retrouvez ici la\u00a0<strong><a href=\"https:\/\/www.accessprotec.fr\/fiches-produits\/FICHE-TECHNIQUE-BARRE-D'\u00c9TANCH\u00c9IT\u00c9.pdf\" target=\"_blank\" rel=\"noopener noreferrer\">fiche technique<\/a><\/strong><\/p>\n","protected":false},"featured_media":1809,"comment_status":"closed","ping_status":"closed","template":"","meta":[],"product_brand":[],"product_cat":[31,30],"product_tag":[],"class_list":{"0":"post-1787","1":"product","2":"type-product","3":"status-publish","4":"has-post-thumbnail","6":"product_cat-cloison-anti-poussiere","7":"product_cat-protection-des-murs","9":"first","10":"instock","11":"taxable","12":"shipping-taxable","13":"purchasable","14":"product-type-simple"},"df_price":18.36,"df_sale_price":"","df_regular_price":18.36,"df_image_link":"https:\/\/preprod.accessprotec.com\/wp-content\/uploads\/2025\/03\/barre-detancheite-300x200.jpg","_links":{"self":[{"href":"https:\/\/preprod.accessprotec.com\/index.php\/wp-json\/wp\/v2\/product\/1787","targetHints":{"allow":["GET"]}}],"collection":[{"href":"https:\/\/preprod.accessprotec.com\/index.php\/wp-json\/wp\/v2\/product"}],"about":[{"href":"https:\/\/preprod.accessprotec.com\/index.php\/wp-json\/wp\/v2\/types\/product"}],"replies":[{"embeddable":true,"href":"https:\/\/preprod.accessprotec.com\/index.php\/wp-json\/wp\/v2\/comments?post=1787"}],"wp:featuredmedia":[{"embeddable":true,"href":"https:\/\/preprod.accessprotec.com\/index.php\/wp-json\/wp\/v2\/media\/1809"}],"wp:attachment":[{"href":"https:\/\/preprod.accessprotec.com\/index.php\/wp-json\/wp\/v2\/media?parent=1787"}],"wp:term":[{"taxonomy":"product_brand","embeddable":true,"href":"https:\/\/preprod.accessprotec.com\/index.php\/wp-json\/wp\/v2\/product_brand?post=1787"},{"taxonomy":"product_cat","embeddable":true,"href":"https:\/\/preprod.accessprotec.com\/index.php\/wp-json\/wp\/v2\/product_cat?post=1787"},{"taxonomy":"product_tag","embeddable":true,"href":"https:\/\/preprod.accessprotec.com\/index.php\/wp-json\/wp\/v2\/product_tag?post=1787"}],"curies":[{"name":"wp","href":"https:\/\/api.w.org\/{rel}","templated":true}]}}