{"id":1799,"date":"2025-03-25T21:08:02","date_gmt":"2025-03-25T20:08:02","guid":{"rendered":"http:\/\/preprod.accessprotec.com\/?post_type=product&#038;p=1799"},"modified":"2025-06-23T21:26:59","modified_gmt":"2025-06-23T19:26:59","slug":"film-moquette-etanche-et-adhesif-pour-surfaces-en-textile-65-100-200m","status":"publish","type":"product","link":"https:\/\/preprod.accessprotec.com\/index.php\/produit\/film-moquette-etanche-et-adhesif-pour-surfaces-en-textile-65-100-200m\/","title":{"rendered":"Film Moquette \u00c9tanche et Adh\u00e9sif pour Surfaces en Textile 65\u00b5 100m"},"content":{"rendered":"<p><strong>Le film moquette<\/strong> adh\u00e9sif est un rouleau <strong>\u00e9tanche<\/strong> de protection temporaire de vos <strong>surfaces en textile rugueux types moquettes, tapisseries&#8230;<\/strong><\/p>\n<p>Ce film en rouleau<strong> se pose et se retire facilement<\/strong>, assurant une protection \u00e9tanche aux liquides et aussi \u00e0 la poussi\u00e8re durant toute la dur\u00e9e de votre chantier. Le passage des personnes et des engins (trans-palettes, chariots) est un risque important de d\u00e9t\u00e9rioration. De plus, les moquettes sont g\u00e9n\u00e9ralement des surfaces fragiles et difficiles \u00e0 nettoyer !<\/p>\n<p>Dimensions : Rouleau de <strong>51cm x 100m<br \/>\n<\/strong>\u00c9paisseur : 65 microns.<br \/>\nMati\u00e8re : film poly\u00e9thyl\u00e8ne<\/p>\n<p>D\u00e9couvrez aussi nos <strong><a href=\"https:\/\/accessprotec.fr\/protection-temporaire-de-chantier\/panneaux\/\" target=\"_blank\" rel=\"noopener noreferrer\">protections temporaires pour sols anti-chocs.<\/a><\/strong><\/p>\n","protected":false},"excerpt":{"rendered":"<p><strong>Film adh\u00e9sif \u00e9tanche<\/strong> de protection<strong> pour moquettes et tapisseries au sol.<\/strong><\/p>\n<p>Ce film en rouleau se pose et se retire facilement, assurant une protection <strong>\u00e9tanche aux liquides et aussi \u00e0 la poussi\u00e8re<\/strong> durant toute la dur\u00e9e de votre chantier.<\/p>\n<p>Dimensions : Rouleau de <strong>51cm x 100m<\/strong><\/p>\n<p>\u00c9paisseur : 65 microns.<\/p>\n<p>Retrouvez ici la\u00a0<strong><a href=\"https:\/\/www.accessprotec.fr\/fiches-produits\/FICHE-TECHNIQUE-FILM-MOQUETTE.pdf\" target=\"_blank\" rel=\"noopener noreferrer\">fiche technique<\/a><\/strong><\/p>\n","protected":false},"featured_media":1843,"comment_status":"closed","ping_status":"closed","template":"","meta":[],"product_brand":[],"product_cat":[110,41],"product_tag":[],"class_list":{"0":"post-1799","1":"product","2":"type-product","3":"status-publish","4":"has-post-thumbnail","6":"product_cat-moquette-de-protection","7":"product_cat-protection-des-sols","9":"first","10":"instock","11":"taxable","12":"shipping-taxable","13":"purchasable","14":"product-type-variable"},"df_price":68.25,"df_sale_price":"","df_regular_price":68.25,"df_image_link":"https:\/\/preprod.accessprotec.com\/wp-content\/uploads\/2025\/03\/4346-trio-300x225.jpg","_links":{"self":[{"href":"https:\/\/preprod.accessprotec.com\/index.php\/wp-json\/wp\/v2\/product\/1799","targetHints":{"allow":["GET"]}}],"collection":[{"href":"https:\/\/preprod.accessprotec.com\/index.php\/wp-json\/wp\/v2\/product"}],"about":[{"href":"https:\/\/preprod.accessprotec.com\/index.php\/wp-json\/wp\/v2\/types\/product"}],"replies":[{"embeddable":true,"href":"https:\/\/preprod.accessprotec.com\/index.php\/wp-json\/wp\/v2\/comments?post=1799"}],"wp:featuredmedia":[{"embeddable":true,"href":"https:\/\/preprod.accessprotec.com\/index.php\/wp-json\/wp\/v2\/media\/1843"}],"wp:attachment":[{"href":"https:\/\/preprod.accessprotec.com\/index.php\/wp-json\/wp\/v2\/media?parent=1799"}],"wp:term":[{"taxonomy":"product_brand","embeddable":true,"href":"https:\/\/preprod.accessprotec.com\/index.php\/wp-json\/wp\/v2\/product_brand?post=1799"},{"taxonomy":"product_cat","embeddable":true,"href":"https:\/\/preprod.accessprotec.com\/index.php\/wp-json\/wp\/v2\/product_cat?post=1799"},{"taxonomy":"product_tag","embeddable":true,"href":"https:\/\/preprod.accessprotec.com\/index.php\/wp-json\/wp\/v2\/product_tag?post=1799"}],"curies":[{"name":"wp","href":"https:\/\/api.w.org\/{rel}","templated":true}]}}