{"id":1828,"date":"2025-03-25T21:08:37","date_gmt":"2025-03-25T20:08:37","guid":{"rendered":"http:\/\/preprod.accessprotec.com\/?post_type=product&#038;p=1828"},"modified":"2025-07-27T23:47:37","modified_gmt":"2025-07-27T21:47:37","slug":"plaque-haute-resistance-de-protection-3mm-etanche-multi-usage","status":"publish","type":"product","link":"https:\/\/preprod.accessprotec.com\/index.php\/produit\/plaque-haute-resistance-de-protection-3mm-etanche-multi-usage\/","title":{"rendered":"Plaque Haute R\u00e9sistance de Protection 3mm \u00c9tanche Multi-usage"},"content":{"rendered":"<p>La plaque haute r\u00e9sistance est une protection temporaire de surfaces <strong>extr\u00eamement r\u00e9sistante<\/strong> aux <strong>chocs<\/strong> et \u00e0 la <strong>pression<\/strong>. Elle peut \u00eatre utilis\u00e9 comme simple protection de sols pour vos travaux courants ou comme <strong>plaque de roulage pour prot\u00e9ger vos surfaces en cas de passages de chariots \u00e9l\u00e9vateurs<\/strong>. La plaque haute r\u00e9sistance<strong> poss\u00e8de d\u2019innombrables applications<\/strong> : Parach\u00e8vement de v\u00e9hicules utilitaires l\u00e9gers, emballage solides dans des formes diverses &#8230;<\/p>\n<p>Profitant d\u2019une <strong>structure alv\u00e9olaire<\/strong> en nid d\u2019abeilles, chaque plaque est <strong>tr\u00e8s l\u00e9g\u00e8re<\/strong> et se d\u00e9coupe facilement au cutter. Elle est \u00e9galement <strong>\u00e9tanche aux liquides <\/strong>et<strong> poussi\u00e8res.<\/strong><\/p>\n<p style=\"text-align: left;\"><span class=\"emoji\">\u26a0\ufe0f<span style=\"color: #d83131;\"><strong>Pour des raisons de frais de transports, le minimum de commande est de 20 plaques.<\/strong><\/span><\/span><\/p>\n<p>Retrouvez la <a href=\"https:\/\/accessprotec.fr\/wp-content\/uploads\/2020\/01\/FICHE-TECHNIQUE-Plaque-haute-resistance-BICELL.pdf\">Fiche technique<\/a><\/p>\n","protected":false},"excerpt":{"rendered":"<p>La plaque haute r\u00e9sistance est une protection temporaire de surfaces extr\u00eamement r\u00e9sistante aux chocs et \u00e0 la pression en <strong>polypropyl\u00e8ne<\/strong> \u00e0 plusieurs couches.<\/p>\n<p>Disponible en plaque de 2m40 x 1m20, \u00e9paisseur 3 mm.<\/p>\n<p>Couleur : Noir.<\/p>\n<p><span class=\"emoji\">\u26a0\ufe0f<span style=\"color: #d83131;\"><strong>Pour des raisons de frais de transports, le minimum de commande est de 20 plaques.<\/strong><\/span><\/span><\/p>\n<p>Retrouvez la <a href=\"https:\/\/accessprotec.fr\/wp-content\/uploads\/2020\/01\/FICHE-TECHNIQUE-Plaque-haute-resistance-BICELL.pdf\">Fiche technique<\/a><\/p>\n","protected":false},"featured_media":1909,"comment_status":"closed","ping_status":"closed","template":"","meta":[],"product_brand":[],"product_cat":[28,111,52,41,33,51],"product_tag":[60,61,62,63,64,37,65],"class_list":{"0":"post-1828","1":"product","2":"type-product","3":"status-publish","4":"has-post-thumbnail","6":"product_cat-les-indispensables","7":"product_cat-meilleures-ventes","8":"product_cat-panneaux-de-protection","9":"product_cat-protection-des-sols","10":"product_cat-protections-traditionnelles","11":"product_cat-tapis-de-cheminement","12":"product_tag-alveole","13":"product_tag-haute","14":"product_tag-haute-resistance","15":"product_tag-plaque","16":"product_tag-polypropylene","17":"product_tag-protection","18":"product_tag-resistance","19":"product_shipping_class-livraison-difficile","21":"first","22":"instock","23":"taxable","24":"shipping-taxable","25":"purchasable","26":"product-type-variable"},"df_price":12.32,"df_sale_price":"","df_regular_price":12.32,"df_image_link":"https:\/\/preprod.accessprotec.com\/wp-content\/uploads\/2025\/03\/plaque-haute-resistance-zoom-300x200.png","_links":{"self":[{"href":"https:\/\/preprod.accessprotec.com\/index.php\/wp-json\/wp\/v2\/product\/1828","targetHints":{"allow":["GET"]}}],"collection":[{"href":"https:\/\/preprod.accessprotec.com\/index.php\/wp-json\/wp\/v2\/product"}],"about":[{"href":"https:\/\/preprod.accessprotec.com\/index.php\/wp-json\/wp\/v2\/types\/product"}],"replies":[{"embeddable":true,"href":"https:\/\/preprod.accessprotec.com\/index.php\/wp-json\/wp\/v2\/comments?post=1828"}],"wp:featuredmedia":[{"embeddable":true,"href":"https:\/\/preprod.accessprotec.com\/index.php\/wp-json\/wp\/v2\/media\/1909"}],"wp:attachment":[{"href":"https:\/\/preprod.accessprotec.com\/index.php\/wp-json\/wp\/v2\/media?parent=1828"}],"wp:term":[{"taxonomy":"product_brand","embeddable":true,"href":"https:\/\/preprod.accessprotec.com\/index.php\/wp-json\/wp\/v2\/product_brand?post=1828"},{"taxonomy":"product_cat","embeddable":true,"href":"https:\/\/preprod.accessprotec.com\/index.php\/wp-json\/wp\/v2\/product_cat?post=1828"},{"taxonomy":"product_tag","embeddable":true,"href":"https:\/\/preprod.accessprotec.com\/index.php\/wp-json\/wp\/v2\/product_tag?post=1828"}],"curies":[{"name":"wp","href":"https:\/\/api.w.org\/{rel}","templated":true}]}}