{"id":1829,"date":"2025-03-25T21:08:37","date_gmt":"2025-03-25T20:08:37","guid":{"rendered":"http:\/\/preprod.accessprotec.com\/?post_type=product&#038;p=1829"},"modified":"2025-06-07T22:02:51","modified_gmt":"2025-06-07T20:02:51","slug":"panneau-de-protection-2mm-antichoc-reutilisable-et-resistant","status":"publish","type":"product","link":"https:\/\/preprod.accessprotec.com\/index.php\/produit\/panneau-de-protection-2mm-antichoc-reutilisable-et-resistant\/","title":{"rendered":"Panneau de Protection 2mm Antichoc R\u00e9utilisable et R\u00e9sistant"},"content":{"rendered":"<p><strong>Panneaux de protection<\/strong> \u00e9conomiques et faciles \u00e0 installer sur<strong> tous types de sols et murs.<\/strong> Prot\u00e8ge <strong>contre les chocs et les salissures<\/strong> telles que les chutes de liquides, la poussi\u00e8re&#8230;. Le panneau alv\u00e9olaire se nettoie et est <strong>r\u00e9utilisable<\/strong>. Il peut \u00e9galement se d\u00e9couper facilement au cutter afin de s&rsquo;adapter \u00e0 votre pi\u00e8ce ou de cr\u00e9er des coffrages par exemple.<\/p>\n<p>Pour une utilisation sur sol int\u00e9rieur et ext\u00e9rieur (pour la protection des terrasses avec \u00e9chafaudage par exemple\u2026) sol, escalier, moquette, parquet, v\u00e9hicule utilitaire&#8230;<\/p>\n<p>Utilis\u00e9 par tous types de professions :\u00a0 plombier, peintre, entreprise de d\u00e9samiantage\u2026<\/p>\n<p>Plaque l\u00e9g\u00e8re, facile \u00e0 porter et \u00e0 mettre en place. Imperm\u00e9able et <strong>100 % recyclable !<\/strong><\/p>\n<p>Afin de maintenir les panneaux entre eux, vous pouvez utiliser un adh\u00e9sif de jonction (voir <strong><a href=\"http:\/\/accessprotec.fr\/protection-chantier\/adhesifs\/\" target=\"_blank\" rel=\"noopener noreferrer\">gamme adh\u00e9sifs<\/a><\/strong>)<\/p>\n<p>Mati\u00e8re : polypropyl\u00e8ne.<\/p>\n<p><strong>Dimensions : 2m x 1m &#8211; \u00c9paisseur 2mm<\/strong><\/p>\n<p>Le panneau existe en trois \u00e9paisseurs, 2, 3 et 4 mm. Choisissez ainsi l&rsquo;\u00e9paisseur en fonction du type de passage sur votre chantier (passage intensif ou peu fr\u00e9quent, passage de chariots, brouettes et trans-palettes&#8230;).<\/p>\n<p>Le panneau existe aussi en <strong>version ignifug\u00e9e M1<\/strong> et en version<a href=\"https:\/\/accessprotec.fr\/produit\/panneau-impression-personnalisee\/\"><strong> personnalisable par impression<\/strong><\/a> s\u00e9rigraphique 1 ou 2 couleurs !<\/p>\n<p><span class=\"emoji\">\u26a0\ufe0f<span style=\"color: #d83131;\"><strong>Pour des raisons logistiques, les panneaux peuvent \u00eatre amen\u00e9s \u00e0 \u00eatre pli\u00e9s, dans le sens de l&rsquo;alv\u00e9ole uniquement, ce qui n&rsquo;impacte en rien la qualit\u00e9 du panneau, et ne l&rsquo;abime absolument pas. Une fois d\u00e9pli\u00e9s vous retrouverez votre panneau dans son meilleur \u00e9tat initial. Merci pour votre compr\u00e9hension !<\/strong><\/span><\/span><\/p>\n","protected":false},"excerpt":{"rendered":"<p>Panneau de <strong>protection \u00e9conomique<\/strong> et facile \u00e0 installer sur <strong>tous types de sols et murs.<\/strong><br \/>\nMati\u00e8re : polypropyl\u00e8ne<\/p>\n<p>Pour couvrir de grandes surfaces, le panneau existe en rouleau de 1m x 50 m ou 1m x 25m qui permet une installation facile et rapide !<a href=\"https:\/\/emojipedia.org\/warning\/\"><br \/>\n<\/a><\/p>\n<p class=\"LC20lb DKV0Md\">\u26a0\ufe0f<span style=\"color: #e14d43;\"><strong>Si petite quantit\u00e9 (en dessous de 20 panneaux) , l<\/strong><\/span><span style=\"color: #e14d43;\"><strong>es panneaux seront syst\u00e9matiquement pli\u00e9s pour exp\u00e9dition.<\/strong><\/span><\/p>\n<p><strong>Possibilit\u00e9 de personnalisation \u00e0 votre image: <\/strong>Le panneau personnalis\u00e9 vous permet d\u2019allier protection de votre chantier et communication sur un seul et m\u00eame produit !<br \/>\nContactez-nous pour conna\u00eetre nos d\u00e9lais d\u2019impression !<\/p>\n<p>&nbsp;<\/p>\n","protected":false},"featured_media":1914,"comment_status":"closed","ping_status":"closed","template":"","meta":[],"product_brand":[],"product_cat":[52,30,41],"product_tag":[67],"class_list":{"0":"post-1829","1":"product","2":"type-product","3":"status-publish","4":"has-post-thumbnail","6":"product_cat-panneaux-de-protection","7":"product_cat-protection-des-murs","8":"product_cat-protection-des-sols","9":"product_tag-2mm","11":"first","12":"instock","13":"taxable","14":"shipping-taxable","15":"purchasable","16":"product-type-variable"},"df_price":3.09,"df_sale_price":"","df_regular_price":3.09,"df_image_link":"https:\/\/preprod.accessprotec.com\/wp-content\/uploads\/2025\/03\/PANNEAU-NOIR-ETANCHE-1-scaled-1-300x199.jpg","_links":{"self":[{"href":"https:\/\/preprod.accessprotec.com\/index.php\/wp-json\/wp\/v2\/product\/1829","targetHints":{"allow":["GET"]}}],"collection":[{"href":"https:\/\/preprod.accessprotec.com\/index.php\/wp-json\/wp\/v2\/product"}],"about":[{"href":"https:\/\/preprod.accessprotec.com\/index.php\/wp-json\/wp\/v2\/types\/product"}],"replies":[{"embeddable":true,"href":"https:\/\/preprod.accessprotec.com\/index.php\/wp-json\/wp\/v2\/comments?post=1829"}],"wp:featuredmedia":[{"embeddable":true,"href":"https:\/\/preprod.accessprotec.com\/index.php\/wp-json\/wp\/v2\/media\/1914"}],"wp:attachment":[{"href":"https:\/\/preprod.accessprotec.com\/index.php\/wp-json\/wp\/v2\/media?parent=1829"}],"wp:term":[{"taxonomy":"product_brand","embeddable":true,"href":"https:\/\/preprod.accessprotec.com\/index.php\/wp-json\/wp\/v2\/product_brand?post=1829"},{"taxonomy":"product_cat","embeddable":true,"href":"https:\/\/preprod.accessprotec.com\/index.php\/wp-json\/wp\/v2\/product_cat?post=1829"},{"taxonomy":"product_tag","embeddable":true,"href":"https:\/\/preprod.accessprotec.com\/index.php\/wp-json\/wp\/v2\/product_tag?post=1829"}],"curies":[{"name":"wp","href":"https:\/\/api.w.org\/{rel}","templated":true}]}}