{"id":1902,"date":"2025-03-25T21:09:27","date_gmt":"2025-03-25T20:09:27","guid":{"rendered":"http:\/\/preprod.accessprotec.com\/?post_type=product&#038;p=1902"},"modified":"2025-07-11T14:55:02","modified_gmt":"2025-07-11T12:55:02","slug":"rouleau-de-protection-pour-rampes-en-mousse-extensible-et-reutilisable","status":"publish","type":"product","link":"https:\/\/preprod.accessprotec.com\/index.php\/produit\/rouleau-de-protection-pour-rampes-en-mousse-extensible-et-reutilisable\/","title":{"rendered":"Rouleau de Protection pour Rampes en Mousse Extensible et R\u00e9utilisable"},"content":{"rendered":"<p>Le rouleau de protection de rampe en mousse est con\u00e7u pour <strong>prot\u00e9ger vos rampes et balustres contre les chocs, rayures et salissures lors de vos chantiers.<\/strong><\/p>\n<p>Cette protection temporaire<strong> se d\u00e9coupe en largeur et en longueur<\/strong> pour s&rsquo;adapter \u00e0 votre rampe. Cette mousse est d&rsquo;ailleurs <strong>extensible<\/strong> en largeur afin de pouvoir convenir \u00e0 tous types de mains courantes. Compl\u00e8tement <strong>r\u00e9utilisable<\/strong> \u00e0 la fin de votre chantier.<\/p>\n<p>Tr\u00e8s l\u00e9g\u00e8re et enroulable sur lui-m\u00eame, ce produit est facilement transportable !<\/p>\n<p>Dimensions : 5 cm x 5 cm x 20 m.<br \/>\n\u00c9paisseur de 7 mm.<\/p>\n<p>D\u00e9couvrez aussi la<strong> <a href=\"https:\/\/accessprotec.fr\/protection-temporaire-de-chantier\/protection-de-rampe-mousse\/\" target=\"_blank\" rel=\"noopener noreferrer\">protection de rampe<\/a><\/strong> longueur 2 m !<\/p>\n","protected":false},"excerpt":{"rendered":"<p>Ce rouleau de mousse vous aidera \u00e0 prot\u00e9ger rapidement vos rampes, balustres et mains courantes contre les chocs, rayures et \u00e9claboussures.<\/p>\n<p>Il s&rsquo;installe facilement gr\u00e2ce \u00e0 sa largeur extensible.<\/p>\n<p>Dimensions : 5 cm x 5 cm x 20 m.<br \/>\n\u00c9paisseur de 7 mm.<\/p>\n<p>Retrouvez ici la\u00a0<strong><a href=\"https:\/\/www.accessprotec.fr\/fiches-produits\/FICHE-TECHNIQUE-PROTECTION-DE-RAMPE-ROULEAU.pdf\" target=\"_blank\" rel=\"noopener noreferrer\">fiche technique<\/a><\/strong><\/p>\n","protected":false},"featured_media":2221,"comment_status":"closed","ping_status":"closed","template":"","meta":[],"product_brand":[],"product_cat":[21],"product_tag":[],"class_list":{"0":"post-1902","1":"product","2":"type-product","3":"status-publish","4":"has-post-thumbnail","6":"product_cat-protection-menuiserie","8":"first","9":"instock","10":"taxable","11":"shipping-taxable","12":"purchasable","13":"product-type-simple"},"df_price":39.84,"df_sale_price":"","df_regular_price":39.84,"df_image_link":"https:\/\/preprod.accessprotec.com\/wp-content\/uploads\/2025\/03\/Design-sans-titre-89-300x300.png","_links":{"self":[{"href":"https:\/\/preprod.accessprotec.com\/index.php\/wp-json\/wp\/v2\/product\/1902","targetHints":{"allow":["GET"]}}],"collection":[{"href":"https:\/\/preprod.accessprotec.com\/index.php\/wp-json\/wp\/v2\/product"}],"about":[{"href":"https:\/\/preprod.accessprotec.com\/index.php\/wp-json\/wp\/v2\/types\/product"}],"replies":[{"embeddable":true,"href":"https:\/\/preprod.accessprotec.com\/index.php\/wp-json\/wp\/v2\/comments?post=1902"}],"wp:featuredmedia":[{"embeddable":true,"href":"https:\/\/preprod.accessprotec.com\/index.php\/wp-json\/wp\/v2\/media\/2221"}],"wp:attachment":[{"href":"https:\/\/preprod.accessprotec.com\/index.php\/wp-json\/wp\/v2\/media?parent=1902"}],"wp:term":[{"taxonomy":"product_brand","embeddable":true,"href":"https:\/\/preprod.accessprotec.com\/index.php\/wp-json\/wp\/v2\/product_brand?post=1902"},{"taxonomy":"product_cat","embeddable":true,"href":"https:\/\/preprod.accessprotec.com\/index.php\/wp-json\/wp\/v2\/product_cat?post=1902"},{"taxonomy":"product_tag","embeddable":true,"href":"https:\/\/preprod.accessprotec.com\/index.php\/wp-json\/wp\/v2\/product_tag?post=1902"}],"curies":[{"name":"wp","href":"https:\/\/api.w.org\/{rel}","templated":true}]}}