{"id":1946,"date":"2025-03-25T21:11:45","date_gmt":"2025-03-25T20:11:45","guid":{"rendered":"http:\/\/preprod.accessprotec.com\/?post_type=product&#038;p=1946"},"modified":"2025-03-26T16:48:46","modified_gmt":"2025-03-26T15:48:46","slug":"film-de-protection-mural-avec-bandeau-adhesif-electrostatique-270x16m","status":"publish","type":"product","link":"https:\/\/preprod.accessprotec.com\/index.php\/produit\/film-de-protection-mural-avec-bandeau-adhesif-electrostatique-270x16m\/","title":{"rendered":"Film de Protection Mural avec Bandeau Adh\u00e9sif \u00c9lectrostatique 2,70x16m"},"content":{"rendered":"<p>Rouleau de film de protection pour les <strong>travaux de peinture int\u00e9rieurs ou ext\u00e9rieurs.<\/strong><\/p>\n<p>Le rouleau poss\u00e8de une bande adh\u00e9sive permettant de fixer <strong>proprement<\/strong> et facilement le film de protection au plafond, permettant \u00e0 l&rsquo;utilisateur une fixation propre et une <strong>surface prot\u00e9g\u00e9e efficacement<\/strong>. S&rsquo;adapte au support \u00e0 prot\u00e9ger gr\u00e2ce \u00e0 la charge statique.<\/p>\n<p>Ce film de protection mural peut-\u00eatre utilis\u00e9 en <strong>int\u00e9rieur<\/strong> ou <strong>ext\u00e9rieur<\/strong> pour prot\u00e9ger <strong>murs<\/strong>, <strong>fen\u00eatres<\/strong>, <strong>meubles,<\/strong> et permet de cr\u00e9er des cloisons anti-poussi\u00e8re.<\/p>\n<p>Produit \u00e9co-responsable. Ruban adh\u00e9sif en papier cr\u00eap\u00e9 lisse.<\/p>\n<p><strong>\u00c9paisseur<\/strong> : 0,16mm. <strong>Dimensions<\/strong> : 55cm x 33m.\u00a0 <strong>R\u00e9sistance thermique<\/strong> : 80\u00b0C. <strong>Longueur<\/strong> : 33m<\/p>\n","protected":false},"excerpt":{"rendered":"<p>Film de protection mural utilis\u00e9 en <strong>int\u00e9rieur<\/strong> ou <strong>ext\u00e9rieur<\/strong> pour prot\u00e9ger <strong>murs<\/strong>, <strong>fen\u00eatres<\/strong>, <strong>meubles,<\/strong> et permet de cr\u00e9er des cloisons anti-poussi\u00e8re.<\/p>\n<p>Produit \u00e9co-responsable. Ruban adh\u00e9sif en papier cr\u00eap\u00e9 lisse.<\/p>\n<p><strong>\u00c9paisseur<\/strong> : 0,16mm. <strong>Dimensions<\/strong> : 55cm x 33m.\u00a0 <strong>R\u00e9sistance thermique<\/strong> : 80\u00b0C. <strong>Longueur<\/strong> : 33m.<\/p>\n","protected":false},"featured_media":1998,"comment_status":"closed","ping_status":"closed","template":"","meta":[],"product_brand":[],"product_cat":[31,30,21,20],"product_tag":[],"class_list":{"0":"post-1946","1":"product","2":"type-product","3":"status-publish","4":"has-post-thumbnail","6":"product_cat-cloison-anti-poussiere","7":"product_cat-protection-des-murs","8":"product_cat-protection-menuiserie","9":"product_cat-protection-mur","11":"first","12":"instock","13":"taxable","14":"shipping-taxable","15":"purchasable","16":"product-type-simple"},"df_price":15.82,"df_sale_price":"","df_regular_price":15.82,"df_image_link":"https:\/\/preprod.accessprotec.com\/wp-content\/uploads\/2025\/03\/film-mur-electrostatique-accessprotec-16m-2m70-300x300.jpg","_links":{"self":[{"href":"https:\/\/preprod.accessprotec.com\/index.php\/wp-json\/wp\/v2\/product\/1946","targetHints":{"allow":["GET"]}}],"collection":[{"href":"https:\/\/preprod.accessprotec.com\/index.php\/wp-json\/wp\/v2\/product"}],"about":[{"href":"https:\/\/preprod.accessprotec.com\/index.php\/wp-json\/wp\/v2\/types\/product"}],"replies":[{"embeddable":true,"href":"https:\/\/preprod.accessprotec.com\/index.php\/wp-json\/wp\/v2\/comments?post=1946"}],"wp:featuredmedia":[{"embeddable":true,"href":"https:\/\/preprod.accessprotec.com\/index.php\/wp-json\/wp\/v2\/media\/1998"}],"wp:attachment":[{"href":"https:\/\/preprod.accessprotec.com\/index.php\/wp-json\/wp\/v2\/media?parent=1946"}],"wp:term":[{"taxonomy":"product_brand","embeddable":true,"href":"https:\/\/preprod.accessprotec.com\/index.php\/wp-json\/wp\/v2\/product_brand?post=1946"},{"taxonomy":"product_cat","embeddable":true,"href":"https:\/\/preprod.accessprotec.com\/index.php\/wp-json\/wp\/v2\/product_cat?post=1946"},{"taxonomy":"product_tag","embeddable":true,"href":"https:\/\/preprod.accessprotec.com\/index.php\/wp-json\/wp\/v2\/product_tag?post=1946"}],"curies":[{"name":"wp","href":"https:\/\/api.w.org\/{rel}","templated":true}]}}